005?
0
What is the hundreds digit of 2327?
3
What is the tens digit of 674?
7
What is the hundreds digit of 67438?
4
What is the tens digit of 575?
7
What is the thousands digit of 10153?
0
What is the thousands digit of 8017?
8
What is the tens digit of 5576?
7
What is the thousands digit of 46954?
6
What is the units digit of 80075?
5
What is the hundreds digit of 4268?
2
What is the hundred thousands digit of 130004?
1
What is the hundreds digit of 1037?
0
What is the thousands digit of 1234?
1
What is the units digit of 1691?
1
What is the units digit of 1071?
1
What is the thousands digit of 2381?
2
What is the units digit of 10757?
7
What is the hundreds digit of 69894?
8
What is the tens digit of 6090?
9
What is the units digit of 965?
5
What is the hundreds digit of 6782?
7
What is the units digit of 2422?
2
What is the tens digit of 12009?
0
What is the units digit of 2909?
9
What is the ten thousands digit of 46655?
4
What is the hundreds digit of 113098?
0
What is the tens digit of 1251?
5
What is the thousands digit of 7146?
7
What is the units digit of 3317?
7
What is the units digit of 3912?
2
What is the units digit of 89646?
6
What is the units digit of 32913?
3
What is the units digit of 39856?
6
What is the units digit of 2210?
0
What is the thousands digit of 52949?
2
What is the ten thousands digit of 39872?
3
What is the ten thousands digit of 18325?
1
What is the units digit of 15082?
2
What is the thousands digit of 118206?
8
What is the units digit of 1860?
0
What is the tens digit of 1592?
9
What is the thousands digit of 57021?
7
What is the units digit of 2367?
7
What is the units digit of 13271?
1
What is the hundreds digit of 1192?
1
What is the hundred thousands digit of 101526?
1
What is the tens digit of 18613?
1
What is the hundreds digit of 3769?
7
What is the thousands digit of 50744?
0
What is the thousands digit of 16564?
6
What is the tens digit of 9667?
6
What is the units digit of 30351?
1
What is the units digit of 817?
7
What is the ten thousands digit of 46794?
4
What is the units digit of 493?
3
What is the units digit of 507?
7
What is the thousands digit of 16910?
6
What is the ten thousands digit of 61612?
6
What is the hundreds digit of 1068?
0
What is the ten thousands digit of 61016?
6
What is the hundreds digit of 16008?
0
What is the hundreds digit of 40560?
5
What is the hundreds digit of 1542?
5
What is the ten thousands digit of 96538?
9
What is the units digit of 2083?
3
What is the hundreds digit of 3739?
7
What is the hundreds digit of 43508?
5
What is the units digit of 3837?
7
What is the thousands digit of 1379?
1
What is the tens digit of 17148?
4
What is the tens digit of 58929?
2
What is the tens digit of 14874?
7
What is the tens digit of 3446?
4
What is the units digit of 793?
3
What is the hundreds digit of 10567?
5
What is the tens digit of 21166?
6
What is the units digit of 74311?
1
What is the hundreds digit of 741?
7
What is the hundreds digit of 791?
7
What is the units digit of 2194?
4
What is the tens digit of 12463?
6
What is the ten thousands digit of 21853?
2
What is the thousands digit of 2161?
2
What is the tens digit of 13249?
4
What is the tens digit of 29377?
7
What is the ten thousands digit of 60488?
6
What is the tens digit of 1720?
2
What is the thousands digit of 81046?
1
What is the hundreds digit of 713?
7
What is the tens digit of 15291?
9
What is the thousands digit of 11973?
1
What is the tens digit of 7348?
4
What is the hundreds digit of 12315?
3
What is the units digit of 2178?
8
What is the tens digit of 2001?
0
What is the units digit of 1878?
8
What is the hundreds digit of 43646?
6
What is the hundreds digit of 12115?
1
What is the hundreds digit of 3581?
5
What is the hundreds digit of 8620?
6
What is the tens digit of 21851?
5
What is the tens digit of 12218?
1
What is the ten thousands digit of 12554?
1
What is the units digit of 11303?
3
What is the tens digit of 1662?
6
What is the thousands digit of 1571?
1
What is the ten thousands digit of 31267?
3
What is the tens digit of 4473?
7
What is the hundreds digit of 101?
1
What is the thousands digit of 1213?
1
What is the tens digit of 1104?
0
What is the units digit of 12371?
1
What is the tens digit of 216?
1
What is the thousands digit of 58556?
8
What is the units digit of 4242?
2
What is the units digit of 8721?
1
What is the tens digit of 65747?
4
What is the hundreds digit of 6319?
3
What is the ten thousands digit of 23238?
2
What is the units digit of 40840?
0
What is the hundreds digit of 3458?
4
What is the hundreds digit of 3448?
4
What is the units digit of 1228?
8
What is the units digit of 1944?
4
What is the thousands digit of 21502?
1
What is the tens digit of 1687?
8
What is the units digit of 1517?
7
What is the hundreds digit of 8278?
2
What is the units digit of 271?
1
What is the tens digit of 123219?
1
What is the hundreds digit of 1342?
3
What is the tens digit of 2265?
6
What is the hundreds digit of 17636?
6
What is the tens digit of 38867?
6
What is the thousands digit of 7079?
7
What is the tens digit of 27535?
3
What is the thousands digit of 5763?
5
What is the tens digit of 376?
7
What is the ten thousands digit of 71626?
7
What is the hundreds digit of 1477?
4
What is the units digit of 3044?
4
What is the hundreds digit of 140?
1
What is the tens digit of 734?
3
What is the hundreds digit of 3063?
0
What is the units digit of 741?
1
What is the units digit of 4538?
8
What is the hundreds digit of 1755?
7
What is the units digit of 4905?
5
What is the thousands digit of 14377?
4
What is the thousands digit of 1027?
1
What is the hundreds digit of 1004?
0
What is the units digit of 185553?
3
What is the hundreds digit of 99976?
9
What is the units digit of 6878?
8
What is the tens digit of 94595?
9
What is the hundreds digit of 10063?
0
What is the thousands digit of 6012?
6
What is the hundreds digit of 3030?
0
What is the hundreds digit of 18179?
1
What is the hundreds digit of 1254?
2
What is the units digit of 6001?
1
What is the units digit of 7700?
0
What is the tens digit of 6004?
0
What is the units digit of 646?
6
What is the units digit of 1913?
3
What is the hundreds digit of 35753?
7
What is the thousands digit of 25220?
5
What is the tens digit of 60444?
4
What is the tens digit of 443?
4
What is the tens digit of 5083?
8
What is the thousands digit of 5386?
5
What is the thousands digit of 162923?
2
What is the tens digit of 2367?
6
What is the tens digit of 16108?
0
What is the ten thousands digit of 22181?
2
What is the thousands digit of 14650?
4
What is the hundreds digit of 2476?
4
What is the ten thousands digit of 96550?
9
What is the ten thousands digit of 18478?
1
What is the units digit of 2486?
6
What is the hundreds digit of 6644?
6
What is the tens digit of 717?
1
What is the ten thousands digit of 94793?
9
What is the tens digit of 184?
8
What is the tens digit of 49701?
0
What is the tens digit of 106?
0
What is the units digit of 1708?
8
What is the hundreds digit of 68055?
0
What is the hundreds digit of 923?
9
What is the units digit of 858?
8
What is the hundreds digit of 11600?
6
What is the hundreds digit of 1941?
9
What is the thousands digit of 12653?
2
What is the units digit of 2586?
6
What is the hundreds digit of 3208?
2
What is the thousands digit of 1737?
1
What is the tens digit of 128445?
4
What is the hundreds digit of 2922?
9
What is the hundreds digit of 17953?
9
What is the units digit of 3025?
5
What is the thousands digit of 12292?
2
What is the tens digit of 1573?
7
What is the ten thousands digit of 68923?
6
What is the units digit of 13813?
3
What is the hundreds digit of 174?
1
What is the tens digit of 82188?
8
What is the units digit of 2994?
4
What is the units digit of 2763?
3
What is the hundreds digit of 6914?
9
What is the tens digit of 2417?
1
What is the hundreds digit of 215?
2
What is the ten thousands digit of 101547?
0
What is the units digit of 7269?
9
What is the tens digit of 8454?
5
What is the ten thousands digit of 12917?
1
What is the hundreds digit of 757?
7
What is the ten thousands digit of 63705?
6
What is the hundreds digit of 284?
2
What is the units digit of 1389?
9
What is t